it of p?
1
Let c(n) = 31*n**2 - 13*n - 17. What is the units digit of c(-5)?
3
Let t(f) = -f**2 + f + 1. Let i(q) = 7*q**2 - 34*q + 4. Let p(u) = -i(u) - 6*t(u). What is the tens digit of p(22)?
2
Suppose a - 11*a + 5150 = 0. What is the units digit of a?
5
Suppose -21795 + 80784 = 21*l. What is the hundreds digit of l?
8
Let w(r) = -4*r - 29. Let n be w(-8). Suppose -n*c = -5*u - 73, 0 = 2*c + u - 5*u - 48. What is the units digit of c?
6
What is the hundreds digit of 17/34 + (-4)/(16/(-882))?
2
Let z = 23 - 23. Suppose 4*g + 4 = -z*g. What is the units digit of (2/g - -1) + 24?
3
Suppose -i - 12096 = -3*u, -3*u - 48*i + 12096 = -45*i. What is the thousands digit of u?
4
Let z = 2 - 1. What is the tens digit of (3/3*59)/z?
5
Let u be 56/16 + 3/(-2). What is the units digit of 138/u - (1 + 2)?
6
Suppose 3*y - 2*y + h = -502, 3*y + 2*h + 1507 = 0. Let j = -235 - y. What is the hundreds digit of j?
2
Let c(q) = -1 - q + 6*q**2 - q**3 - 10*q**2 - 8*q**2. Suppose -5*v + 2 = 62. What is the tens digit of c(v)?
1
Suppose 2*q + 4*x - 8 = 0, -q - 3*x + 6 = q. Suppose -f + 1 = -q*f - 3*h, -5*h + 3 = -f. What is the units digit of (-1)/f - 57/(-7)?
8
Let v(o) be the second derivative of 2*o**2 + 2*o - 1/2*o**3 + 0. What is the units digit of v(-4)?
6
Let u(p) = p**3 + 9*p**2 + p. Let c be u(-6). Suppose 0 = -3*n + c + 117. What is the tens digit of n?
7
Let r(l) = 2*l + 26. Let q be r(-11). Suppose -2*d - q*k = -0*d - 474, -723 = -3*d - 3*k. What is the hundreds digit of d?
2
Suppose 4*u + 101 = -3. Let y be (2 + -4 + 1)*u. Suppose -4*k = 4*s - 112, 2*s - k + y - 73 = 0. What is the units digit of s?
5
Let g be 20/50 + (0 - 624/(-15)). Suppose -j = p - g, -2*j + p + 79 = 4*p. What is the units digit of j?
7
Let o(m) be the third derivative of m**4/8 + 7*m**3/6 + 8*m**2. What is the units digit of o(18)?
1
Suppose 2*n + 77 = 4*t - 131, 3*t - 4*n - 156 = 0. Suppose 0*h + t = 4*h - 4*d, d + 58 = 4*h. What is the units digit of h?
5
Let g(k) = k**3 - 4*k**2 - 3*k - 10. Let f be g(5). Suppose f = -7*l + 2*l + 665. What is the units digit of l?
3
Let m be (3/2)/((-6)/(-12)). Suppose 0*g - m*g - 9 = 0. What is the units digit of 4 + 9/g - -11?
2
Let z(f) be the third derivative of -f**5/60 + 11*f**4/24 + 5*f**3/6 + f**2. Suppose 4*h + 9 = h, 3*h + 3 = -k. What is the units digit of z(k)?
5
Suppose -k - 6*k = -56. What is the hundreds digit of (k/6)/(4/(0 + 384))?
1
Let z(x) = -267*x + 1. Let n be z(-2). Let v = n + -293. What is the units digit of v?
2
Let y(d) = 5*d - 1. Let q be y(2). Suppose -4*u = -5*k - 0*u + 7, -3*k = -4*u - q. What is the tens digit of 3 + -1 + (13 - k)?
1
Let l(r) = r**3 + r**2 - 51. Let q be l(0). Let z = q - -111. What is the tens digit of z?
6
Suppose 41*z - 2003 - 3942 = 0. What is the hundreds digit of z?
1
Let q be (-3 - -4)*-1 - 601. Let y be -2*(6 - 4) + q. What is the tens digit of (-2)/(-4) - y/12?
5
Let t = 9147 + -5824. What is the hundreds digit of t?
3
Suppose -41*y = -53*y + 15396. What is the tens digit of y?
8
What is the tens digit of (2/(-12)*-4)/((-108)/(-50706))?
1
Let n(s) = -3*s - 7. Let c be n(-3). Suppose -2*m = c*f - 7*f - 190, -3*m + 2*f = -274. What is the units digit of m?
0
Let w(j) = j**3 - 7*j + 3. Let i(n) = -n**3 + 4*n**2 + n - 7. Let g be i(3). What is the tens digit of w(g)?
9
Let q(r) be the second derivative of 7*r**4/12 + 5*r**3/6 - 5*r**2/2 - 2*r. Let l(j) = -j**2. Let z(v) = 5*l(v) + q(v). What is the tens digit of z(-5)?
2
Let r be ((-2)/6)/((-5)/(-30)). Let n(q) = -22*q. Let o be n(r). Suppose -2*y + o - 2 = 0. What is the tens digit of y?
2
Suppose -14208 = -11*u + 235. What is the hundreds digit of u?
3
Suppose -27*z - 5*p - 6460 = -32*z, -4*z + 5188 = p. What is the tens digit of z?
9
Suppose 9426 = -5*m + 31436. What is the tens digit of m?
0
Let y(n) = -n**2 + 2*n. Let r be y(2). Suppose -2*p + 2*a + 378 = r, 3*p + 8*a = 6*a + 552. What is the tens digit of p?
8
Let d = 34 - 34. Suppose 10*r - 898 - 982 = d. What is the units digit of r?
8
Suppose -278*z = -292*z + 1400. What is the tens digit of z?
0
Let t be (-94)/(1/(3/3)). Let s = -62 - t. What is the tens digit of s?
3
Suppose -5*s - 4*a = -6*s + 214, -5*s - 2*a + 1026 = 0. What is the hundreds digit of s?
2
Let g(n) = -2*n - 3 + 8 - 1. Let o(t) = -5*t - 37. Let m be o(-6). What is the tens digit of g(m)?
1
Suppose 4*p - w = 0, -w + 7 = p + 2*p. Let r = p - -1. Suppose 0 = -a, 2*m = -r*m + a + 96. What is the units digit of m?
4
Let x(t) = t + 12. Let u be x(-12). Suppose u = -3*r + 4*m + 101, -r + 0*m + 37 = 2*m. What is the units digit of r*1 + 5/(-5)?
4
Suppose 0 = 2*t - 3*n - 22, t - 12 = -3*t - 2*n. What is the tens digit of -3 - (-158 + (5/t - 2))?
5
Let u be -9 + (-2)/(6/(-15)). What is the units digit of (2/3)/(u/4152*-4)?
3
Suppose -44*c + 50*c - 960 = 0. What is the tens digit of c?
6
Let r(w) = -18*w + 481. What is the tens digit of r(0)?
8
Let m = -47 + 43. What is the units digit of (m - (-1 - 1))/4*-262?
1
Suppose -4*t - 53 = 27. Let d = -16 - t. Suppose -d + 37 = c. What is the tens digit of c?
3
Let x(o) = o**2 - 9 - 6*o - 8*o + 10*o. What is the units digit of x(10)?
1
Let b = 6 - 34. Let v be (-3)/(-8 + (-1827)/(-225)). Let g = v - b. What is the units digit of g?
3
Let d(x) = x**2 - 2*x - 288. Let k be d(0). Let f = -179 - k. What is the hundreds digit of f?
1
What is the hundreds digit of (-1 - 56/6)*(-2088)/24?
8
Suppose 4*w = -16, 0 = 5*c - 5*w - 4569 - 3631. What is the hundreds digit of c?
6
Let m(y) = 483*y - 187. What is the tens digit of m(7)?
9
Let s = 11346 + -16719. What is the tens digit of s/(-18) - (-1)/2?
9
Suppose -30*l = -34*l + 16. Suppose -x + 20 = p - 0*p, -5*p + 127 = -l*x. What is the tens digit of p?
2
Let d(w) be the third derivative of 0 - 4/3*w**3 - 6*w**2 + 0*w + 1/6*w**4. What is the units digit of d(10)?
2
Let s be 5/(90/382) + (-4)/18. Let t(i) = -3*i**2 - 3*i + 3. Let o be t(2). Let d = s + o. What is the units digit of d?
6
Let o = 24 - 37. Let l be (-9 - o) + 102 + 1. Let i = l - 64. What is the units digit of i?
3
Suppose m = -2*m + 9. Let i be 4/10 - 51/15. Let d = m - i. What is the units digit of d?
6
What is the hundreds digit of 4/9 + 81833/171?
4
Suppose 5*r + 63 = -57. Let o be r/(-5) + 13/65. Suppose -c + o*d = -57, 0 = -d + 1 - 2. What is the units digit of c?
2
Let s(j) = 2*j - 6. Let a be s(5). Let t = -122 - -323. What is the tens digit of t/a - 3/12?
5
Let y = -5834 + 8479. What is the hundreds digit of y?
6
Let y be 6/15 - (-1112)/20. Let n = y + -43. What is the tens digit of n?
1
Let z(c) = 7*c - 18. What is the units digit of z(28)?
8
Suppose 5*v - 20 = d, 2*d - 2*v = -7*v + 35. Let r be (-4)/8*d*-2. Suppose -3*k + 29 = r*n - 15, 28 = 2*n - 4*k. What is the tens digit of n?
1
Let g = -89 + 94. Suppose 2*v - 2*d + g*d = 73, -136 = -4*v - 4*d. What is the tens digit of v?
2
What is the tens digit of 5*(-582)/200*-4*10?
8
Suppose 2*v = 2*t - 102, -151 - 51 = -4*t + 5*v. Suppose j + 4*y = t, 5*y = 2 + 3. Suppose 0 = 2*x + 6*h - h - j, -2*h - 28 = -2*x. What is the tens digit of x?
1
Suppose -837*a + 1460 = -835*a. What is the hundreds digit of a?
7
Suppose -2*m + 2*n = -1394 - 4376, 14425 = 5*m - 2*n. What is the hundreds digit of m?
8
Suppose 0 = 6*z - 200 + 56. Suppose 5*q + z = 2*b, b = -0*q + q + 9. What is the units digit of b?
7
Suppose 4*h - 15725 = -5*j, -5*h = 9*j - 8896 - 19398. What is the thousands digit of j?
3
Let o be (6/5)/(30/10000). Suppose s + 3*s = o. Suppose -38 + 2 = -m + 5*y, 4*m - s = -2*y. What is the tens digit of m?
2
Suppose 5*s + 2*r + 63 = 307, -38 = -s - 4*r. Suppose 4*c = 16, -5*c = j - 2 - s. What is the tens digit of j?
3
Suppose -v = -3*y + 1307, -3*v + 449 = -3*y + 4*y. Suppose -211 - y = -6*d. What is the tens digit of d?
0
Suppose -32*x - 2352 = -80*x. What is the tens digit of x?
4
Let n(a) = -2*a + a**2 + 2*a + 3*a. Let o = 2 + 4. What is the units digit of n(o)?
4
Let h(n) = 2*n**3 + 2*n + 5. Let l be h(-3). What is the tens digit of (-4)/(-6) + l/(-3)?
1
Suppose -4*n + 0*n = -80. Suppose -4*p + 14 = 2*d - n, 0 = 5*p - 5*d - 50. Let f = 2 + p. What is the tens digit of f?
1
Suppose -5*t = 3*s - 29, -3*s = 2*t + 2*t - 25. Suppose 4*l + 233 = y, 5*y + t*l = -0*y + 1285. What is the hundreds digit of y?
2
Suppose 4*n - 7*n - 1